1865. Is m prime?
False
Suppose 15*c - 21*c + 305646 = 0. Suppose -9*w - 2*w + c = 0. Is w a prime number?
False
Suppose 34*x = 4*x - 4*x. Is (1 - 51408/6*-4) + x a composite number?
False
Suppose -3*f - 54100 = -8*f. Let q be (-3)/(-12)*-2*0. Suppose -22*t + 18*t + f = q. Is t a composite number?
True
Let u(d) = -9*d**3 - d**2 + 12*d - 9. Let x be u(-7). Suppose 5*y + 3*w - 1908 = 1031, 5*y - x = -5*w. Is y a prime number?
False
Let o(v) be the second derivative of v**4/12 + 2*v**3/3 + v**2/2 + 2*v. Let s be o(-5). Let h(k) = 171*k + 17. Is h(s) composite?
True
Let k be (306/(-27))/((-2)/282). Suppose -16*n + 14*n = -k. Is n a composite number?
True
Let j = -67080 - -142129. Suppose 21*v - 34*v + j = 0. Is v a prime number?
False
Let z(w) = 6*w - 3. Suppose 7*j = 2*j + 15. Let n be z(j). Suppose q - n = 164. Is q prime?
True
Suppose 9*m - 66*m = 15*m - 3449016. Is m composite?
False
Let b(m) = -11*m + 10. Let n be b(0). Suppose -n*d - 184668 = -22*d. Is d composite?
True
Let g be ((-6)/(-5) + -2)*-5. Let h(b) = 3*b**2 - 27*b - 26. Let l be h(10). Suppose g*k = r - 667, 5*r + 3*k - l*k = 3240. Is r prime?
True
Let i(q) = q**3 + 35*q**2 - 77*q + 268. Is i(27) composite?
True
Let s = -347 + 759. Suppose -o + 0*o = -s. Let l = -271 + o. Is l a prime number?
False
Suppose 5*g - 78472 = -3*u + 55811, -4*g + 107456 = -5*u. Suppose 18*d - g = 28563. Is d a prime number?
True
Let p be 3*-1 + (-6 - (-1 - 8)). Suppose p = -3*t - x + 1134, 0 = t - 0*x - x - 382. Is t prime?
True
Is (-2)/(-4) + 0 - (1288670/(-20) + 25) a composite number?
True
Suppose 8 = q + 3*q. Suppose -k + 11967 = 3*w, q*k = 5*w - 0*k - 19945. Is w a prime number?
True
Suppose -3*n + 6888 = -3*q, -n + 2*q = -3*q - 2284. Suppose n + 2911 = 2*m. Suppose -m = -5*w + 1480. Is w a prime number?
False
Let u(l) = l**3 + 13*l**2 + 40*l - 21. Let g be u(-12). Let m = g + 1606. Is m a prime number?
True
Let q = 84950 - 45959. Suppose 167*m = 164*m + q. Is m a composite number?
True
Let n(s) = 308*s**3 - 4*s**2 - 2*s + 21. Let f(d) = -16*d - 12. Let y be f(-1). Is n(y) prime?
True
Suppose 13*n = 15*n - 68. Suppose -n = -9*b + 38. Suppose -16284 = -4*o - b*o. Is o a prime number?
False
Let d(m) = 4609*m**2 - 7*m - 11. Let l be d(-6). Suppose -k = -2*h - 3*h + l, -5*h - k = -165965. Is h/45 - (-3)/(-5) prime?
False
Let z(s) be the third derivative of s**8/1344 + s**7/420 - 7*s**6/360 + 7*s**5/30 + 9*s**2. Let m(g) be the third derivative of z(g). Is m(8) prime?
False
Let f = 148 - 148. Suppose 8*b - 11877 - 3539 = f. Is b prime?
False
Let f(y) = 9*y**2 - 14*y - 32. Let l be f(-18). Let c = l + -1845. Is c composite?
False
Let f = 737856 - 359941. Is f a composite number?
True
Let o be (0 + 1)/(-2 + 30/12). Let a be (-1 - 0)*-724 + 4/o. Let z = a - -140. Is z a prime number?
False
Suppose 0 = 103*s - 81869884 - 107623645. Is s composite?
False
Let k(q) = q**2 - 13*q - 147. Let z be k(-9). Suppose 0 = 4*s + 2*i + z - 2093, 0 = -5*s + 5*i + 2560. Is s a composite number?
True
Let d(g) = 73*g**2 + 88*g + 103. Is d(-24) composite?
False
Let y = -46042 + 161871. Is y a composite number?
True
Is 16178 - (-1 + 56/(-8) - (2 - 5)) prime?
True
Suppose 5*l - 7950605 = -5*x, 77*l = 78*l - 2. Is x a composite number?
False
Suppose 0 = 5*b - 4041 - 11444. Suppose i + b - 8406 = -3*k, -k - 26513 = -5*i. Is i composite?
False
Let v be ((-141)/188)/(1/(2*124)). Is (-632896)/v + (-1)/3*-1 composite?
True
Is ((20 + -4)*-24 - -2)*(-1315)/10 prime?
False
Let n(a) = a + 1 - 3*a**3 + 7 + 8*a - 10. Let j be n(3). Let z = 118 + j. Is z a composite number?
True
Let h = 1280 - 1280. Let k(q) = -5*q - q + q + 587. Is k(h) composite?
False
Let y(d) be the second derivative of d**5/20 + 5*d**4/4 + 13*d**3/6 - 2*d**2 + 64*d. Is y(-11) a prime number?
True
Let h(j) = -j**2 - 7*j - 5. Let c be h(-2). Let a = 15 + c. Suppose g + d - 9 = 9, 0 = -g + d + a. Is g a prime number?
True
Let a(o) = o**3 - 26*o**2 + 90*o - 185. Is a(134) composite?
False
Let f(n) = -n**3 + 7*n + 7 + 4*n**2 - 5*n**3 + 2*n**2 + 5*n**3. Let b be f(7). Suppose 4*j = b*j - 357. Is j a prime number?
False
Let k be 708*(-1)/((-20)/55). Let f = -980 + k. Is f a prime number?
True
Let x(c) = -106*c - 3. Let y(r) = -r**2 + 13*r + 16. Let j(p) = -p**2 + 14*p + 17. Let a(d) = 5*j(d) - 6*y(d). Let g be a(9). Is x(g) prime?
False
Suppose 56989422 = -52*i - 164*i + 199601478. Is i composite?
False
Suppose -37 + 6 = 5*c - a, 4*a = 5*c + 19. Is 459 - (c/2 + (-1)/2) a composite number?
False
Is 21467/(((-144)/28 + 6)/6) a composite number?
True
Let v(q) = -q**2 - 5*q + 8. Let l be v(-6). Let z be (-70)/(-20) - (-1)/(-2) - 195. Is 15/(-5) + l - z composite?
False
Let j = 33757 + -14600. Let k = j + -13128. Is k composite?
False
Suppose -19298 = 15*u - 54383. Let f = 4300 - u. Is f prime?
False
Suppose -3*z + 3*c - 8880 = 0, 4*z - c = c - 11842. Let v = -4461 - -2753. Let b = v - z. Is b a composite number?
True
Suppose 2*k + 16062 = -5*c, -1574 = c - 5*k + 1660. Let z = 7840 + c. Let b = z - 2207. Is b a prime number?
False
Suppose 6*s + 215072 + 215668 = 0. Let g be 6/(-33) - s/22. Suppose 172 + g = 3*l. Is l a composite number?
True
Suppose -6*u + u - 3*w = -10490, -w - 2098 = -u. Suppose 4*j = -5*g + 2*j - 7, 5*g = 5*j - 35. Is ((-28)/(-8) + g)*u prime?
True
Let k = 131739 - 63170. Is k prime?
False
Suppose -8*x + 5*x = 9099. Let j = x - -4355. Is j prime?
False
Let b(f) = 2*f - 38. Let k be b(20). Let x(i) = 9*i + k*i + 10*i**2 - 2*i**2 + 7*i - 17. Is x(15) composite?
False
Let d be (3 + 0)/((-15)/(-70)). Suppose -d*g + 5*g = 0. Is g + -3 - (-2 + -4051 + 1) a prime number?
True
Suppose 3*j = 297 - 42. Let z be 2482/j + (-2)/10*1. Let m = 6 + z. Is m prime?
False
Suppose -4*f + 3624 = -2*j, -2*f - 6166 = 4*j + 1032. Let i = 4405 + j. Suppose -s + i = 764. Is s composite?
True
Suppose 9*l - 6*l - f = 1306, -l = f - 442. Is (-46)/l - (-41082)/38 a prime number?
False
Let n(c) = -33*c - 46 - 4 + 47 - 21*c**2 + c**3 - 45. Is n(23) prime?
True
Let s = -896 - -2401. Let p = 1848 - 2104. Let x = s + p. Is x a composite number?
False
Suppose -20 = 4*j, 2*n + 5*j + 13 = -2*n. Let k be 3877/1 + -3 - n. Suppose -7*x + k = -238. Is x composite?
False
Let g be (35 + -40)/((-2)/(-12)*-5). Suppose -g = -5*m + 4. Suppose 2*t = -m*t + 820. Is t prime?
False
Let u(q) = 2*q**2 - 19*q - 1. Let p be u(9). Is (145/p - 4)*2*-1 a prime number?
True
Suppose 17*a - 172100 = 195899. Is a prime?
True
Let z = -233 + 277. Let t = -169 + 334. Let b = z + t. Is b composite?
True
Let q(p) = -2*p**2 + 5*p - 7. Let b be q(2). Let d = 11 + b. Suppose -4*w - 2526 = -d*w. Is w a prime number?
False
Suppose 2*g - 13 = -3*t, 2*t + 2*g = -2*g + 6. Suppose 0 = 5*z + 15, l + 5*z = t*l - 10043. Is l a prime number?
False
Suppose -2*h - 366424 = -6*h. Suppose 4*g - 2*a = h, -5*a - 4 = -a. Is g composite?
False
Let h = -31 - -93. Suppose -h*j = -58*j - 4. Is 22 + 59 - (-1 - j) prime?
True
Let x(c) = 19977*c + 100. Is x(6) prime?
False
Let z be ((-56)/10)/((-16)/40). Suppose -4*u + 4*f + z + 10 = 0, 2*f + 22 = 3*u. Suppose u*y = 31*y - 7833. Is y composite?
False
Suppose 0 = 2*s + 9*s + 15917. Let g = 706 - s. Is g composite?
False
Let i(c) = c**3 + 21*c**2 + 7*c - 12. Let o be i(-18). Suppose -12289 - o = -11*z. Is z a prime number?
True
Is (-5841)/(-3) - 27/(243/72) composite?
True
Let t = -7721 - -247392. Is t a composite number?
False
Let m(f) = 6915*f**2 - 2*f. Let r be m(1). Suppose 825 = -2*c + r. Suppose -3*t - t + c = 0. Is t composite?
False
Let o = -339551 - -558138. Is o prime?
False
Let g be ((-2)/4)/(3 - (-133)/(-42)). Suppose 0 = -i + 489 + 54. Suppose -5*w = g*q - i, -36 = 5*w - 3*q - 603. Is w a prime number?
False
Let a(p) = -3087*p - 1766. Is a(-15) composite?
True
Let y be 16/(-10) - -1 - (-4694671)/185. Suppose 5*n + 5*m + 6456 = y, -5*n + 18870 = -5*m. Is (-14)/(-21)*(n/2 - 1) a composite number?
False
Let m = -316 + 316. Suppose -4*g + 21*g - 178721 = m. Is g prime?
True
Let k(q) = 51*q + 22. Let u(o) = -o**3 - 3*o**2 + o + 7. Let d be u(-3). Suppose d*w - 31 = -4*r + 13, 0 = 4*r - 2*w - 44. Is k(r) a prime number?
False
Suppose 4*b - 3*b - 6 = 0. Suppose -o + 4*w + 3339 = 0, 4*o + 6733 = b*o + 3*w. Is o composite?
False
Let i = -55792 + 31772. Is i/(-5) + -5 + 4 prime?
False
Let q(x) = -46